7
What are the prime factors of 282?
2, 3, 47
List the prime factors of 522.
2, 3, 29
What are the prime factors of 368?
2, 23
What are the prime factors of 30428?
2, 7607
List the prime factors of 60476.
2, 13, 1163
What are the prime factors of 1347?
3, 449
List the prime factors of 59010.
2, 3, 5, 7, 281
List the prime factors of 344.
2, 43
What are the prime factors of 8573?
8573
List the prime factors of 10466.
2, 5233
What are the prime factors of 24308?
2, 59, 103
List the prime factors of 852.
2, 3, 71
What are the prime factors of 5766?
2, 3, 31
What are the prime factors of 28085?
5, 41, 137
List the prime factors of 12977.
19, 683
List the prime factors of 1763.
41, 43
List the prime factors of 941.
941
List the prime factors of 2349.
3, 29
What are the prime factors of 81179?
7, 11597
List the prime factors of 36088.
2, 13, 347
List the prime factors of 1975.
5, 79
List the prime factors of 205.
5, 41
What are the prime factors of 3519?
3, 17, 23
List the prime factors of 786.
2, 3, 131
What are the prime factors of 16841?
11, 1531
What are the prime factors of 10891?
10891
What are the prime factors of 1739?
37, 47
List the prime factors of 5780.
2, 5, 17
What are the prime factors of 7487?
7487
List the prime factors of 13672.
2, 1709
List the prime factors of 1872.
2, 3, 13
What are the prime factors of 14235?
3, 5, 13, 73
List the prime factors of 2036.
2, 509
List the prime factors of 1015.
5, 7, 29
List the prime factors of 3881.
3881
What are the prime factors of 4561?
4561
List the prime factors of 20580.
2, 3, 5, 7
List the prime factors of 100.
2, 5
List the prime factors of 505.
5, 101
List the prime factors of 2015.
5, 13, 31
List the prime factors of 10419.
3, 23, 151
List the prime factors of 382.
2, 191
List the prime factors of 8770.
2, 5, 877
List the prime factors of 38287.
38287
What are the prime factors of 1447?
1447
List the prime factors of 89638.
2, 44819
What are the prime factors of 898?
2, 449
What are the prime factors of 22688?
2, 709
What are the prime factors of 779?
19, 41
List the prime factors of 2461.
23, 107
What are the prime factors of 130357?
61, 2137
What are the prime factors of 23306?
2, 43, 271
List the prime factors of 631.
631
List the prime factors of 1000.
2, 5
List the prime factors of 36329.
17, 2137
What are the prime factors of 5302?
2, 11, 241
List the prime factors of 802.
2, 401
What are the prime factors of 2616?
2, 3, 109
List the prime factors of 1342.
2, 11, 61
What are the prime factors of 611?
13, 47
List the prime factors of 335.
5, 67
List the prime factors of 1397.
11, 127
List the prime factors of 902.
2, 11, 41
What are the prime factors of 122241?
3, 7, 5821
List the prime factors of 14797.
14797
What are the prime factors of 1354?
2, 677
What are the prime factors of 1206?
2, 3, 67
What are the prime factors of 1521?
3, 13
What are the prime factors of 3536?
2, 13, 17
List the prime factors of 54610.
2, 5, 43, 127
List the prime factors of 8562.
2, 3, 1427
What are the prime factors of 10590?
2, 3, 5, 353
What are the prime factors of 613?
613
List the prime factors of 1734.
2, 3, 17
List the prime factors of 2028.
2, 3, 13
What are the prime factors of 3273?
3, 1091
List the prime factors of 16428.
2, 3, 37
List the prime factors of 2453.
11, 223
What are the prime factors of 1941?
3, 647
What are the prime factors of 2286?
2, 3, 127
List the prime factors of 2365.
5, 11, 43
What are the prime factors of 22058?
2, 41, 269
What are the prime factors of 2652?
2, 3, 13, 17
What are the prime factors of 60764?
2, 11, 1381
List the prime factors of 7622.
2, 37, 103
List the prime factors of 27494.
2, 59, 233
What are the prime factors of 12250?
2, 5, 7
What are the prime factors of 1285?
5, 257
List the prime factors of 328.
2, 41
What are the prime factors of 10233?
3, 379
What are the prime factors of 1228?
2, 307
What are the prime factors of 6599?
6599
List the prime factors of 2496.
2, 3, 13
What are the prime factors of 1537?
29, 53
List the prime factors of 99805.
5, 19961
List the prime factors of 24115.
5, 7, 13, 53
What are the prime factors of 4277?
7, 13, 47
List the prime factors of 3959.
37, 107
List the prime factors of 2087.
2087
What are the prime factors of 145?
5, 29
List the prime factors of 2033.
19, 107
List the prime factors of 6.
2, 3
What are the prime factors of 794?
2, 397
What are the prime factors of 790?
2, 5, 79
What are the prime factors of 13530?
2, 3, 5, 11, 41
What are the prime factors of 78909?
3, 29, 907
What are the prime factors of 5122?
2, 13, 197
What are the prime factors of 9768?
2, 3, 11, 37
List the prime factors of 930.
2, 3, 5, 31
What are the prime factors of 7934?
2, 3967
List the prime factors of 483.
3, 7, 23
What are the prime factors of 43439?
11, 359
List the prime factors of 7019.
7019
What are the prime factors of 11944?
2, 1493
What are the prime factors of 32528?
2, 19, 107
List the prime factors of 1819.
17, 107
List the prime factors of 652.
2, 163
List the prime factors of 2109.
3, 19, 37
List the prime factors of 2193.
3, 17, 43
List the prime factors of 5191.
29, 179
List the prime factors of 944.
2, 59
List the prime factors of 8179.
8179
What are the prime factors of 1131?
3, 13, 29
List the prime factors of 3534.
2, 3, 19, 31
What are the prime factors of 14699?
14699
List the prime factors of 2629.
11, 239
What are the prime factors of 14058?
2, 3, 11, 71
List the prime factors of 2232.
2, 3, 31
What are the prime factors of 4590?
2, 3, 5, 17
List the prime factors of 1979.
1979
What are the prime factors of 14783?
14783
What are the prime factors of 5640?
2, 3, 5, 47
List the prime factors of 1078.
2, 7, 11
What are the prime factors of 5692?
2, 1423
List the prime factors of 2381.
2381
List the prime factors of 10571.
11, 31
What are the prime factors of 766?
2, 383
What are the prime factors of 120899?
120899
List the prime factors of 68324.
2, 19, 29, 31
List the prime factors of 11439.
3, 31, 41
List the prime factors of 5061.
3, 7, 241
List the prime factors of 13162.
2, 6581
What are the prime factors of 3118?
2, 1559
What are the prime factors of 10267?
10267
What are the prime factors of 42435?
3, 5, 23, 41
List the prime factors of 19441.
19441
What are the prime factors of 555?
3, 5, 37
What are the prime factors of 1048?
2, 131
List the prime factors of 5696.
2, 89
List the prime factors of 44440.
2, 5, 11, 101
List the prime factors of 27215.
5, 5443
What are the prime factors of 29604?
2, 3, 2467
List the prime factors of 3110.
2, 5, 311
What are the prime factors of 50?
2, 5
List the prime factors of 1087.
1087
List the prime factors of 53265.
3, 5, 53, 67
What are the prime factors of 25311?
3, 11, 13, 59
List the prime factors of 298.
2, 149
List the prime factors of 19011.
3, 6337
What are the prime factors of 8416?
2, 263
What are the prime factors of 32384?
2, 11, 23
What are the prime factors of 123587?
83, 1489
What are the prime factors of 913?
11, 83
What are the prime factors of 1685?
5, 337
What are the prime factors of 6354?
2, 3, 353
List the prime factors of 23544.
2, 3, 109
List the prime factors of 1896.
2, 3, 79
List the prime factors of 4562.
2, 2281
List the prime factors of 218.
2, 109
What are the prime factors of 9477?
3, 13
What are the prime factors of 444?
2, 3, 37
List the prime factors of 2527.
7, 19
List the prime factors of 29.
29
What are the prime factors of 18503?
18503
List the prime factors of 131440.
2, 5, 31, 53
List the prime factors of 14084.
2, 7, 503
What are the prime factors of 31190?
2, 5, 3119
List the prime factors of 23482.
2, 59, 199
List the prime factors of 94.
2, 47
What are the prime factors of 6492?
2, 3, 541
List the prime factors of 54.
2, 3
What are the prime factors of 166?
2, 83
List the prime factors of 37822.
2, 18911
List the prime factors of 4822.
2, 2411
What are the prime factors of 3003?
3, 7, 11, 13
List the prime factors of 2369.
23, 103
What are the prime factors of 618?
2, 3, 103
List the prime factors of 887.
887
What are the prime factors of 133751?
131, 1021
List the prime factors of 29356.
2, 41, 179
List the prime factors of 5168.
2, 17, 19
List the prime factors of 8601.
3, 47, 61
List the prime factors of 871.